?
-8d
In base 7, what is -5 + 23423?
23415
In base 16, what is a - 104?
-fa
In base 15, what is 2 - 2b?
-29
In base 7, what is -5523 + -2?
-5525
In base 12, what is 4 + -6?
-2
In base 8, what is 14 - -11?
25
In base 9, what is 4 - 6?
-2
In base 2, what is 10 + -1011101011?
-1011101001
In base 8, what is -13371 + 1?
-13370
In base 4, what is -112 - 2?
-120
In base 13, what is 35 + -21?
14
In base 6, what is -15 + 20?
1
In base 12, what is 28b - 1?
28a
In base 9, what is 22040 + 2?
22042
In base 13, what is -2 - -2c?
2a
In base 10, what is 442 - -5?
447
In base 16, what is 1201 + -5?
11fc
In base 3, what is -1010022 + 10?
-1010012
In base 4, what is -112322 + 12?
-112310
In base 12, what is -2 + 67?
65
In base 7, what is -1 + 2404?
2403
In base 13, what is 3b5 + 6?
3bb
In base 6, what is 21324 - 2?
21322
In base 11, what is 2 + -121?
-11a
In base 12, what is -11 + 14?
3
In base 15, what is -1c - -16?
-6
In base 5, what is 2120 + -301?
1314
In base 15, what is 2 - 8a3?
-8a1
In base 10, what is -66 - -3?
-63
In base 12, what is -19 - 577?
-594
In base 13, what is -10a - 33?
-140
In base 9, what is -822 - -4?
-817
In base 15, what is -107 + -15?
-11c
In base 11, what is 4 - 10a8?
-10a4
In base 5, what is -1423 - 10?
-1433
In base 11, what is -139 - -3?
-136
In base 10, what is 1 + -18?
-17
In base 6, what is -3 - 2333?
-2340
In base 9, what is 163 + 7?
171
In base 2, what is -100 + -101001?
-101101
In base 14, what is 4 - -231?
235
In base 7, what is -2 + 202?
200
In base 12, what is -4 + 48?
44
In base 9, what is 20 + 2?
22
In base 2, what is 10001 - 1100?
101
In base 5, what is 42200 - -2?
42202
In base 8, what is 6625 + -1?
6624
In base 6, what is -1 - -5?
4
In base 13, what is 141 - 26?
118
In base 16, what is -d + -23?
-30
In base 7, what is 0 - -256?
256
In base 13, what is 1 + -401?
-400
In base 15, what is -4 - 85?
-89
In base 6, what is -1 + 53?
52
In base 16, what is 181e - 4?
181a
In base 13, what is 0 + 362?
362
In base 5, what is -21 - 1030?
-1101
In base 16, what is -2 - -6c3?
6c1
In base 14, what is -4c - a?
-58
In base 8, what is -20224 + -2?
-20226
In base 5, what is -1031 + 3?
-1023
In base 8, what is 5 - -230?
235
In base 13, what is 146 - -2?
148
In base 6, what is -5 - 504?
-513
In base 8, what is 1 - -1627?
1630
In base 14, what is -6 + 21b?
215
In base 16, what is -2 + 18?
16
In base 9, what is -28 + -201?
-230
In base 5, what is -14003 + -42?
-14100
In base 7, what is -1136 + 3?
-1133
In base 15, what is 23b5 - 5?
23b0
In base 12, what is -399 + -21?
-3ba
In base 7, what is 56 - -2?
61
In base 16, what is -4 + -1?
-5
In base 13, what is 1 - 649?
-648
In base 3, what is 12212 + 11?
20000
In base 5, what is 101 + -204?
-103
In base 2, what is -1 + 1101010101?
1101010100
In base 2, what is 110101 - -11?
111000
In base 14, what is 9 - 134?
-129
In base 12, what is 9653 - 1?
9652
In base 15, what is 4 + -4?
0
In base 3, what is -120112 - -22?
-120020
In base 13, what is a4 + 4?
a8
In base 12, what is 24a - 0?
24a
In base 15, what is 1d - -39?
57
In base 14, what is -a1 - -1d?
-82
In base 4, what is -23 - -100?
11
In base 2, what is -10111110 - -1000?
-10110110
In base 2, what is -100110 - -1100?
-11010
In base 9, what is -4633 - 2?
-4635
In base 14, what is 5d - a8?
-49
In base 8, what is -4 - -721?
715
In base 2, what is -11 - 1011010?
-1011101
In base 10, what is -2 + 115?
113
In base 14, what is -249 + c?
-23b
In base 8, what is 13 - -261?
274
In base 11, what is -11 + -23?
-34
In base 16, what is f4 - -4?
f8
In base 8, what is 1571 - -4?
1575
In base 3, what is -1000 + -1?
-1001
In base 12, what is -715 + 2?
-713
In base 10, what is -253 - -4?
-249
In base 14, what is 5 + -190?
-189
In base 7, what is 164 + -4?
160
In base 10, what is -1 + 1129?
1128
In base 5, what is -22444 + 2?
-22442
In base 9, what is 4 - 201?
-186
In base 6, what is -3 + 11341?
11334
In base 12, what is 24 - -5?
29
In base 9, what is 4 - 737?
-733
In base 13, what is -8 - 0?
-8
In base 12, what is -1 - 1?
-2
In base 7, what is -13 - 110?
-123
In base 8, what is -3 - -13077?
13074
In base 14, what is -2 + a7b?
a79
In base 15, what is a - 174?
-169
In base 8, what is -5 + -3336?
-3343
In base 2, what is 11 - 111101000?
-111100101
In base 11, what is -1884 - 4?
-1888
In base 12, what is -1 + -1aa9?
-1aaa
In base 9, what is 7 - -38?
46
In base 2, what is -100 - 101111?
-110011
In base 5, what is -2 + -3233?
-3240
In base 4, what is 21 + -312?
-231
In base 16, what is 1204 + -1?
1203
In base 12, what is -4b - -4?
-47
In base 10, what is 144 - -20?
164
In base 8, what is -40 + 54?
14
In base 10, what is 1074 + -2?
1072
In base 3, what is 1001201 - -2?
1001210
In base 12, what is 1805 + -4?
1801
In base 12, what is -28 - 7?
-33
In base 3, what is -1122200 - -11?
-1122112
In base 15, what is 5 - -94?
99
In base 6, what is 15532 + 3?
15535
In base 10, what is -403 + 0?
-403
In base 3, what is -10 + -222?
-1002
In base 13, what is -282 + 3?
-27c
In base 13, what is -3 - 338?
-33b
In base 13, what is -4 - b?
-12
In base 16, what is -4 + 304?
300
In base 8, what is 12407 - -5?
12414
In base 10, what is 3 - 45?
-42
In base 11, what is 2 - 43?
-41
In base 7, what is -51 + 260?
206
In base 6, what is 4 + -322?
-314
In base 16, what is -1b1 + d?
-1a4
In base 8, what is -206 - 5?
-213
In base 14, what is -2144 + -3?
-2147
In base 14, what is -8 - -6?
-2
In base 14, what is -ba - -2?
-b8
In base 9, what is -2034 - 1?
-2035
In base 9, what is -245 + 3?
-242
In base 6, what is -1 - -125?
124
In base 15, what is 1 + -b8?
-b7
In base 5, what is -113 + 43?
-20
In base 6, what is 235 - -210?
445
In base 9, what is 4 - -4?
8
In base 8, what is -3 - 4626?
-4631
In base 10, what is -40 + 6?
-34
In base 13, what is -4 - 11?
-15
In base 4, what is 11 + 30222?
30233
In base 2, what is 100 - 100?
0
In base 13, what is 40 + -8?
35
In base 4, what is 0 - -20322?
20322
In base 15, what is -d59 - 1?
-d5a
In base 2, what is -110 + -101?
-1011
In base 15, what is -10d8 - 3?
-10db
In base 15, what is -11b + 15?
-106
In base 2, what is -101 + 10110100?
10101111
In base 4, what is 1011221 - 0?
1011221
In base 15, what is -3a + -32?
-6c
In base 3, what is 202 - 1210?
-1001
In base 10, what is 2 + -121?
-119
In base 9, what is 17 + 74?
102
In base 5, what is 0 - -134021?
134021
In base 13, what is 6 + -550?
-547
In base 16, what is 40d1 - 4?
40cd
In base 16, what is -617 + 5?
-612
In base 9, what is -226 + 1?
-225
In base 13, what is -18 - -17?
-1
In base 14, what is -3ab2 + -4?
-3ab6
In base 16, what is -3 - 365?
-368
In base 6, what is -31 + 2314?
2243
In base 14, what is 28 + -4?
24
In base 12, what is 544 - -4?
548
In base 3, what is 12 - -112?
201
In base 11, what is -1 - 329?
-32a
In base 15, what is 19 + 88?
a2
In base 11, what is -5 - 535?
-53a
In base 5, what is -114104 + 1?
-114103
In base 9, what is 66 + 6?
73
In base 16, what is 9 - -1a5?
1ae
In base 8, what is -7 - 362?
-371
In base 4, what is -1113 + -12?
-1131
In base 15, what is b + 1?
c
In base 16, what is 1644 + 2?
1646
In base 6, what is -14 - 2031?
-2045
In base 8, what is 33 + 4?
37
In base 3, what is 1 - -20010?
20011
In base 9, what is -31 - -200?
158
In base 2, what is 10010 + 101110?
1000000
In base 13, what is -578 - 3?
-57b
In base 13, what is -8c2 - 2?
-8c4
In base 11, what is 36 - 61?
-26
In base 10, what is -10 + 181?
171
In base 14, what is -158 + 4?
-154
In base 10, what is 4 - 523?
-519
In base 2, what is 101000110 - -1?
101000111
In base 10, what is 14290 - 2?
14288
In base 11, what is 1188 - -4?
1191
In base 15, what is 855 + -6?
84e
In base 14, what is -2 + -a2?
-a4
In base 9, what is 2 + 84?
86
In base 16, what is 5 - -114?
119
In base 3, what is 111202 + 11?
111220
In base 2, what is 10001 - -1100?
11101
In base 15, what is -3 + 2be?
2bb
In base 11, what is 6 + -18?
-12
In base 4, what is 2 - 1010?
-1002
In base 15, what is -21b3 - 2?
-21b5
In base 3, what is -12100 - -11?
-12012
In base 15, what is -3 - -bb?
b8
In base 5, what is 2031 + 4?
2040
In base 13, what is -2 - 166?
-168
In base 3, what is 22 - -11?
110
In base 5, what is -10 - -202131?
202121
In base 5, what is -204 - 10?
-214
In base 8, what is -5571 - -5?
-5564
In base 3, what is -200 - 122?
-1022
In base 14, what is 1 - -20?
21
In base 10,